. Let c = u - -114. Is c/20*-2*2 a prime number?
False
Suppose 68*h - 75*h = -1778. Is h composite?
True
Suppose -2*d + 21972 = d. Suppose 43*r - d = 39*r. Is r composite?
False
Let z(g) be the third derivative of 1/15*g**5 - 4*g**2 + 0 + 11/24*g**4 - g**3 + 0*g. Is z(7) prime?
False
Let g(f) = -11*f + 90. Is g(-4) prime?
False
Is 9 - (-15)/(60/66256) composite?
False
Let u(h) = h**2 - 3*h. Let l be u(4). Let b(t) = -128*t**2 + 2*t. Let j be b(l). Is 14/(-4 + j/(-508)) prime?
False
Suppose -z + 1290 = 2*z. Suppose -k - 3*a = -6*k + z, 5*a = 5*k - 440. Is k composite?
False
Suppose 0 = t - q - 28995, -19142 = -3*t - 3*q + 67819. Is t a prime number?
False
Let p = -10 + 15. Suppose p*x = v + v + 1713, -5*v = -3*x + 1043. Is x a prime number?
False
Let k be (-2)/8 + (15702/24 - 6). Suppose -2*d + k = -314. Is d composite?
True
Let h(w) = -w**2 - 25*w - 31. Is h(-19) a prime number?
True
Let g(r) = 3*r**3 + 15*r**2 - 28*r + 265. Is g(12) composite?
True
Is ((-36111)/4)/(15 + 3939/(-260)) a prime number?
False
Let j(w) = 2054*w - 11. Let b be j(-3). Let v = b - -9580. Is v prime?
True
Suppose 4*t - 39 = 5. Suppose -8*u - 444 = -t*u. Is (u/(-3))/((-2)/3) composite?
True
Let c = -171 + 72. Let z = c - -141. Suppose h - z = -h. Is h composite?
True
Let o(b) = 10*b**2 + b - 202. Is o(15) a prime number?
True
Let w be ((-8)/(-28))/(3/21). Let u be (6/15)/(w/20). Suppose 0 = -3*x + h + 1745, x = -u*h + 495 + 104. Is x composite?
True
Let l be (-4164)/(-16) - 3/12. Let o = l + 75. Is o a prime number?
False
Suppose j = 4*m + 7, -4*j + 2*m + 14 = -0. Suppose -j*v + 0*v = 27. Is (-3)/v*(1 - -278) prime?
False
Let j(p) = 23 + 14 - 36 - 2*p**2 - 64*p**3 - 4*p**3. Let d be 3/(-1) + 1 + 1. Is j(d) prime?
True
Suppose -3*w = -15, -3*o + 5*w = o - 155. Suppose -4*x = x - o. Let g(s) = 9*s**2 + 10*s + 2. Is g(x) composite?
False
Let k(j) = 5*j**2 - 4*j + 448. Is k(43) a composite number?
False
Let a(q) be the second derivative of -q**6/120 - q**5/15 + q**4/4 + 10*q. Let i(u) be the third derivative of a(u). Is i(-7) a composite number?
True
Suppose -4*x + 100 = -100. Let t be 120/x + 4/(-10). Suppose m + t*p = 481, 4*p - 765 = 3*m - 2248. Is m prime?
False
Suppose -4*b - b = 0. Suppose b = -z - 3*z + 1096. Is z a prime number?
False
Let q(b) = 66*b - 11. Suppose -13 = -t - 2*g, -t + g = 1 - 2. Is q(t) a composite number?
True
Let p(h) = 1252. Let f(b) = -b - 1. Let d(n) = -3*f(n) + p(n). Is d(0) prime?
False
Suppose 62202 - 24574 = 4*v. Is v composite?
True
Suppose -2*x = 2*u - 1038 - 6094, x - 3578 = -5*u. Suppose -3*d + x = 4*t + 2*d, 3*t + d - 2664 = 0. Is t a composite number?
False
Let n(q) = 2*q**3 - 26*q**2 + 15*q - 38. Is n(13) a prime number?
True
Suppose 0 = l + 5*c - 3*c - 14, -42 = -3*l + 5*c. Suppose l*x = 16*x - 614. Is x a prime number?
True
Suppose 0*f + 5*f = -3*r + 12040, -r - 4827 = -2*f. Is f a composite number?
False
Is (2 - -3956)*3/6 composite?
False
Let i be (-8)/8 + 0 + 1. Let d(o) = -o**2 + 9*o + 46. Is d(i) a prime number?
False
Suppose -4*o = 4*l + 20560, 5*o = 2*l - 3*l - 25708. Let q be o/(-30) - (-2)/(-5). Suppose -i = 3*i - 12, 4*i = -3*k + q. Is k a prime number?
True
Suppose 0 = 3*m - 14 - 70. Is (-22)/((-4)/(-15) + m/(-42)) a prime number?
False
Suppose -3*s - t + 2*t - 14 = 0, -5*s = -3*t + 30. Is (314/s)/(38/(-57)) a prime number?
True
Let m(f) = 20 + 6*f - 49 + 22. Let p be m(3). Let l(v) = -v**3 + 11*v**2 + 11*v - 8. Is l(p) prime?
True
Suppose -2*r - 4*h = -4900, -r + 2*h + 119 = -2323. Suppose 2*l - r = -4*c, 3*c - 1217 = c + 5*l. Is c a prime number?
False
Let w(r) = -r**2 + 10*r + 14. Let x be w(8). Let i be x/(-50) - (-322)/(-5). Is (-10)/i + 57597/39 prime?
False
Suppose -c + 8 = -0. Let f be (-4)/c*1*0. Suppose 7*v = 3*v + 4*m + 228, f = -5*m - 20. Is v a composite number?
False
Let k = 15096 + -5419. Is k a prime number?
True
Let h(u) = -1 - 40*u + u - 7. Suppose 7*x + 101 - 66 = 0. Is h(x) composite?
True
Suppose 3*o - o - 4 = 0, 0 = 4*d + 5*o - 34. Is 0/d - (-412)/2 composite?
True
Let p(o) = o**3 + 56*o**2 + 238*o - 2. Is p(-37) a prime number?
True
Suppose h + 41285 = 5*y + 2*h, 0 = -h - 5. Suppose -4*w - 3*l - 4159 + 12402 = 0, -4*w + y = -2*l. Is w prime?
True
Suppose m = 4*a + 75, -6*a = -m - a + 78. Suppose 3*f - 63 = -3*i + 7*f, 3*i - f = m. Is i a prime number?
False
Let i(d) = 21*d - 16. Suppose -3*x - w + 274 = -0*x, -5*w = -3*x + 268. Suppose 5*z + 18 = 4*r + x, -4*r - 47 = -3*z. Is i(z) a composite number?
False
Suppose 2*q = 3*q + 7. Let f be ((-16)/(-6))/(14/(-315)). Let p = q - f. Is p a prime number?
True
Let w(j) = 4*j**2 + 8*j - 6. Let m be w(-14). Let d be m/(-8) - (-1)/4. Let i = 160 + d. Is i prime?
False
Let n(q) = 3*q**3 - 3*q - 2. Let s be n(5). Let f = s - -343. Is f a prime number?
True
Suppose -12 = 4*n, -3*n = t - 6*n - 8. Is t/(16832/5612 + -3) prime?
False
Let h(u) = -158*u**3 + 13*u**2 - 5*u + 11. Is h(-6) prime?
False
Let p(i) = 1938*i**3 - 3*i + 4. Suppose -n + 2 = n. Is p(n) prime?
False
Let v = 2205 + 5692. Is v a prime number?
False
Let f = 29 - 24. Suppose 3*d + 5*u = 31, -f*d - 2*u + 3*u + 5 = 0. Suppose -2*w + 1259 = -3*i, -3*w - d*w + 3160 = 5*i. Is w composite?
False
Let u(x) = -228*x + 31. Is u(-12) composite?
False
Suppose -5*y + 25 = 4*r, 4*r - 3*y - 5 = -4*y. Let k(h) = 3*h + 199. Is k(r) composite?
False
Let a be 4/(-2*(-2)/72). Suppose 5*s - 1137 + a = 0. Is s a composite number?
True
Suppose -4*i + 5*q = -1075259, 5*i + 2*q - 268805 = 4*i. Is i a composite number?
False
Let j = -27 - -29. Let p(x) = 3*x - 4. Let k be p(j). Let d(v) = -v**3 + 4*v**2 + 2. Is d(k) a prime number?
False
Let o = 179 + -17. Let q = 29 + o. Is q prime?
True
Suppose -4*g + 48 = 2*g. Suppose -g*n = -11*n. Suppose n = m + 4*m - 1955. Is m composite?
True
Let d(p) = 7 - 8*p**3 - p**3 - 7 + 4*p + 13 + 6*p**2. Is d(-6) a composite number?
True
Let s = 11625 + 3518. Is s prime?
False
Suppose 0 = -5*i + 23541 + 20554. Is i a prime number?
True
Suppose 0 = 2*h + 4*h. Suppose s = -h*s. Is -8 + 6 + (s - -747) composite?
True
Suppose 5*d - 18965 = 2*f, 2*d - 4785 = f + 2802. Is d a composite number?
True
Let t(b) = 8*b**2 - 20*b - 241. Is t(34) a prime number?
False
Suppose -b - 2*m = -193, -4*b = 4*m + m - 769. Is b a prime number?
True
Let y(j) = 195*j**3 + 3*j**2 - 1. Is y(2) composite?
False
Let d be (8 - 13)*4036/(-10). Suppose 0 = 2*h + v - d, 2*v = -0*v. Is h a composite number?
False
Suppose d = 8*t - 5*t + 248, 4*d - 1008 = -4*t. Is d prime?
True
Let u = -600 - -1019. Suppose -55*j - u = -56*j. Is j prime?
True
Suppose 0*v - z = -3*v + 40949, -3*z = -4*v + 54602. Is v a prime number?
True
Let j = -898 - -3375. Is j prime?
True
Let k(o) = o**3 + 13*o**2 - 4*o + 1. Let x be k(-8). Let p = x - 166. Is p composite?
True
Suppose 4*o - 5030 = -2*j + 7*o, 0 = -5*o + 20. Is j a composite number?
False
Let l be 2 + -1 + 1 - -2. Let n = l + 0. Suppose 2*g = 4*p + 82, -n = -g - 5*p + 2. Is g prime?
True
Let c(l) = 37*l + 24. Is c(13) a composite number?
True
Let s be 5/(35/(-2)) + 5742/7. Suppose 4*q + 260 = 4*x + s, -144 = -q - 3*x. Is q a composite number?
True
Let a be 8/32 + 1017/(-4). Let u = a - -371. Let i = u - -10. Is i prime?
True
Is 88065/55 - (-2)/(-11) a prime number?
True
Let d = 38306 - 26443. Is d composite?
False
Is -6801*(-1)/(3/3 + 2) a prime number?
True
Let q(y) = 3*y**2 - 3*y + 5981. Is q(0) a prime number?
True
Let b(q) = -5*q - 22. Let t be b(-7). Suppose t + 25 = 2*o. Is o a prime number?
True
Let l(a) = -298*a**3 - a - 1. Let n be l(-1). Let r be 1078/(-8) - 7/28. Let z = r + n. Is z a composite number?
False
Let a be (5/1)/(20/12). Suppose -a*q + 534 + 117 = 0. Is q a prime number?
False
Let o(h) be the second derivative of 3*h**5/20 + h**4/12 - h**3/3 - h**2/2 - 4*h. Let l be o(-2). Let g = 176 + l. Is g a prime number?
False
Suppose -5*l = -5*f - 35, -3 + 10 = l + 3*f. Suppose -l*z + 0*z = -9793. Is z a composite number?
False
Let l(o) = o**3 + 2*o**2 - 2*o + 1. Let q be l(-4). Let d = q + 26. Suppose -3*h = d*y - 2220, 3*h - 3*y - 1495 = h. Is h a prime number?
True
Let n be 386/8 - 36/(-48). Let o(i) = i**3 - 5*i**2 + 5. Let d be o(5). Suppose 141 = d*y - n. Is y a prime number?
False
Let a be (2*1)/(5 - 7) - -5. Suppose a*w + 5476 = 4*d, 5*w - 1898 = 3*d - 6009. Is d a 